ighest common factor of 486 and 3510?
54
Calculate the greatest common factor of 47 and 73837.
47
What is the greatest common divisor of 324 and 180?
36
What is the highest common divisor of 671 and 22?
11
What is the highest common divisor of 976 and 3294?
122
What is the highest common factor of 296 and 28564?
148
Calculate the greatest common divisor of 28 and 36.
4
What is the greatest common divisor of 45 and 70?
5
Calculate the greatest common factor of 1440 and 1260.
180
Calculate the highest common divisor of 984 and 902.
82
Calculate the highest common divisor of 2006 and 68.
34
Calculate the greatest common divisor of 102 and 374.
34
What is the highest common factor of 19722 and 342?
114
What is the greatest common factor of 208 and 8944?
208
Calculate the highest common divisor of 15 and 4080.
15
What is the greatest common factor of 90 and 330?
30
Calculate the highest common divisor of 102 and 289.
17
Calculate the greatest common divisor of 117 and 624.
39
What is the highest common divisor of 354 and 72?
6
What is the highest common divisor of 507 and 1859?
169
Calculate the greatest common divisor of 112 and 116.
4
What is the greatest common divisor of 59 and 1888?
59
Calculate the highest common factor of 497 and 119.
7
What is the highest common divisor of 27474 and 114?
114
What is the greatest common factor of 45 and 1140?
15
Calculate the greatest common divisor of 33 and 704.
11
What is the greatest common factor of 402 and 186?
6
What is the greatest common divisor of 32 and 352?
32
Calculate the greatest common divisor of 351 and 26091.
117
Calculate the highest common divisor of 144 and 468.
36
What is the greatest common divisor of 240 and 45?
15
What is the highest common divisor of 69 and 10327?
23
Calculate the greatest common factor of 156 and 408.
12
What is the greatest common divisor of 4 and 760?
4
Calculate the greatest common divisor of 880 and 1424.
16
What is the highest common divisor of 34 and 4828?
34
What is the highest common divisor of 93 and 4898?
31
What is the greatest common divisor of 224 and 1736?
56
Calculate the highest common divisor of 1908 and 53.
53
Calculate the greatest common divisor of 629 and 37.
37
What is the greatest common factor of 17 and 16?
1
Calculate the greatest common divisor of 14 and 1813.
7
Calculate the highest common divisor of 1869 and 6.
3
Calculate the greatest common divisor of 25 and 575.
25
Calculate the highest common divisor of 55 and 121.
11
Calculate the greatest common divisor of 24 and 696.
24
Calculate the greatest common divisor of 603 and 9.
9
What is the highest common divisor of 560 and 805?
35
What is the greatest common divisor of 160 and 4040?
40
What is the greatest common divisor of 288 and 108?
36
Calculate the greatest common divisor of 1904 and 102.
34
What is the highest common factor of 78 and 858?
78
What is the highest common divisor of 12 and 4032?
12
What is the highest common factor of 182 and 28?
14
What is the highest common factor of 39 and 36?
3
Calculate the greatest common divisor of 81 and 576.
9
Calculate the greatest common divisor of 606 and 3.
3
Calculate the highest common divisor of 321 and 6.
3
What is the highest common factor of 92 and 30337?
23
What is the greatest common factor of 13 and 923?
13
Calculate the greatest common factor of 1278 and 54.
18
Calculate the greatest common divisor of 38 and 741.
19
What is the greatest common factor of 5 and 5?
5
Calculate the greatest common divisor of 721 and 6901.
103
What is the highest common factor of 112 and 14?
14
What is the highest common divisor of 114 and 18?
6
What is the greatest common factor of 46 and 161?
23
What is the greatest common factor of 2200 and 650?
50
Calculate the greatest common factor of 117 and 5941.
13
What is the greatest common factor of 589 and 155?
31
Calculate the greatest common factor of 891 and 99.
99
What is the greatest common factor of 72 and 472?
8
What is the highest common factor of 34 and 136?
34
Calculate the greatest common divisor of 75 and 165.
15
What is the greatest common factor of 150 and 3975?
75
What is the greatest common factor of 18 and 68?
2
What is the highest common factor of 10240 and 20?
20
Calculate the highest common factor of 35 and 1645.
35
What is the greatest common factor of 2628 and 2044?
292
Calculate the highest common factor of 584 and 12.
4
What is the greatest common divisor of 549 and 30927?
183
Calculate the greatest common factor of 29 and 928.
29
Calculate the greatest common divisor of 77 and 53207.
77
What is the highest common divisor of 104 and 1066?
26
What is the greatest common divisor of 480 and 11680?
160
What is the highest common factor of 15 and 9?
3
What is the greatest common divisor of 8 and 1688?
8
What is the highest common factor of 240 and 1545?
15
Calculate the greatest common divisor of 2 and 1362.
2
What is the greatest common divisor of 294 and 420?
42
Calculate the greatest common factor of 11284 and 651.
217
What is the highest common factor of 3013 and 23?
23
Calculate the greatest common factor of 16080 and 96.
48
What is the highest common factor of 6 and 21?
3
What is the highest common factor of 20 and 8?
4
Calculate the highest common divisor of 4433 and 1364.
341
Calculate the greatest common factor of 132 and 192.
12
What is the highest common divisor of 3239 and 395?
79
What is the greatest common factor of 840 and 15?
15
Calculate the greatest common factor of 1562 and 110.
22
What is the greatest common divisor of 3 and 243?
3
What is the highest common factor of 25 and 1350?
25
What is the greatest common factor of 92 and 69?
23
What is the greatest common divisor of 184 and 2300?
92
Calculate the highest common divisor of 10 and 90.
10
What is the greatest common factor of 18 and 1638?
18
Calculate the highest common factor of 28 and 4438.
14
Calculate the greatest common divisor of 8341 and 57.
19
Calculate the highest common divisor of 1675 and 5.
5
What is the highest common factor of 28 and 4?
4
What is the greatest common factor of 3477 and 133?
19
Calculate the highest common factor of 41 and 123.
41
Calculate the highest common factor of 23 and 3887.
23
Calculate the greatest common factor of 7086 and 6.
6
What is the greatest common factor of 1333 and 186?
31
Calculate the greatest common factor of 490 and 294.
98
What is the greatest common factor of 1872 and 52?
52
Calculate the highest common divisor of 994 and 14.
14
What is the greatest common divisor of 168 and 462?
42
Calculate the greatest common factor of 12 and 60.
12
What is the greatest common divisor of 1298 and 59?
59
What is the greatest common factor of 416 and 78?
26
What is the greatest common factor of 1456 and 280?
56
What is the highest common divisor of 595 and 340?
85
Calculate the highest common divisor of 2926 and 76.
38
Calculate the greatest common divisor of 195 and 1443.
39
What is the greatest common factor of 261 and 9?
9
Calculate the greatest common factor of 93 and 4123.
31
Calculate the highest common divisor of 1076 and 32.
4
What is the greatest common divisor of 1761 and 3?
3
Calculate the greatest common factor of 812 and 232.
116
What is the highest common factor of 5723 and 485?
97
What is the highest common factor of 8 and 2?
2
Calculate the highest common divisor of 128 and 224.
32
What is the highest common factor of 400 and 144?
16
What is the highest common factor of 1140 and 10?
10
Calculate the greatest common divisor of 36 and 6444.
36
What is the highest common divisor of 256 and 992?
32
What is the greatest common divisor of 286 and 78?
26
What is the highest common factor of 7361 and 51?
17
Calculate the highest common factor of 676 and 52.
52
Calculate the greatest common factor of 11908 and 156.
52
Calculate the highest common factor of 84 and 1932.
84
What is the greatest common factor of 27 and 6408?
9
What is the greatest common factor of 98 and 4?
2
What is the greatest common divisor of 533 and 41?
41
Calculate the highest common factor of 468 and 108.
36
What is the highest common factor of 63 and 7?
7
Calculate the greatest common divisor of 510 and 930.
30
Calculate the greatest common divisor of 172 and 2537.
43
What is the greatest 